[INFO] fetching crate nix-installer 0.9.1...
[INFO] checking nix-installer-0.9.1 against master#e6e4f7ed1589e03bc2f6c5931c1a72e7947e8682 for beta-170-4
[INFO] extracting crate nix-installer 0.9.1 into /workspace/builds/worker-3-tc2/source
[INFO] validating manifest of crates.io crate nix-installer 0.9.1 on toolchain e6e4f7ed1589e03bc2f6c5931c1a72e7947e8682
[INFO] running `Command { std: CARGO_HOME="/workspace/cargo-home" RUSTUP_HOME="/workspace/rustup-home" "/workspace/cargo-home/bin/cargo" "+e6e4f7ed1589e03bc2f6c5931c1a72e7947e8682" "metadata" "--manifest-path" "Cargo.toml" "--no-deps", kill_on_drop: false }`
[INFO] removed /workspace/builds/worker-3-tc2/source/.cargo/config.toml
[INFO] removed /workspace/builds/worker-3-tc2/source/rust-toolchain.toml
[INFO] started tweaking crates.io crate nix-installer 0.9.1
[INFO] finished tweaking crates.io crate nix-installer 0.9.1
[INFO] tweaked toml for crates.io crate nix-installer 0.9.1 written to /workspace/builds/worker-3-tc2/source/Cargo.toml
[INFO] crate crates.io crate nix-installer 0.9.1 already has a lockfile, it will not be regenerated
[INFO] running `Command { std: CARGO_HOME="/workspace/cargo-home" RUSTUP_HOME="/workspace/rustup-home" "/workspace/cargo-home/bin/cargo" "+e6e4f7ed1589e03bc2f6c5931c1a72e7947e8682" "fetch" "--manifest-path" "Cargo.toml", kill_on_drop: false }`
[INFO] running `Command { std: "docker" "create" "-v" "/var/lib/crater-agent-workspace/builds/worker-3-tc2/target:/opt/rustwide/target:rw,Z" "-v" "/var/lib/crater-agent-workspace/builds/worker-3-tc2/source:/opt/rustwide/workdir:ro,Z" "-v" "/var/lib/crater-agent-workspace/cargo-home:/opt/rustwide/cargo-home:ro,Z" "-v" "/var/lib/crater-agent-workspace/rustup-home:/opt/rustwide/rustup-home:ro,Z" "-e" "SOURCE_DIR=/opt/rustwide/workdir" "-e" "CARGO_TARGET_DIR=/opt/rustwide/target" "-e" "CARGO_HOME=/opt/rustwide/cargo-home" "-e" "RUSTUP_HOME=/opt/rustwide/rustup-home" "-w" "/opt/rustwide/workdir" "-m" "1610612736" "--user" "0:0" "--network" "none" "ghcr.io/rust-lang/crates-build-env/linux@sha256:19e73879b68f455e41552ea35293514db52ea292d993f571636dbffedb77a1ee" "/opt/rustwide/cargo-home/bin/cargo" "+e6e4f7ed1589e03bc2f6c5931c1a72e7947e8682" "metadata" "--no-deps" "--format-version=1", kill_on_drop: false }`
[INFO] [stdout] 0811f7e6f2763836ff46d5a830a3607f5070e4a3b92f9b13c92801906557b1fb
[INFO] running `Command { std: "docker" "start" "-a" "0811f7e6f2763836ff46d5a830a3607f5070e4a3b92f9b13c92801906557b1fb", kill_on_drop: false }`
[INFO] running `Command { std: "docker" "inspect" "0811f7e6f2763836ff46d5a830a3607f5070e4a3b92f9b13c92801906557b1fb", kill_on_drop: false }`
[INFO] running `Command { std: "docker" "rm" "-f" "0811f7e6f2763836ff46d5a830a3607f5070e4a3b92f9b13c92801906557b1fb", kill_on_drop: false }`
[INFO] [stdout] 0811f7e6f2763836ff46d5a830a3607f5070e4a3b92f9b13c92801906557b1fb
[INFO] running `Command { std: "docker" "create" "-v" "/var/lib/crater-agent-workspace/builds/worker-3-tc2/target:/opt/rustwide/target:rw,Z" "-v" "/var/lib/crater-agent-workspace/builds/worker-3-tc2/source:/opt/rustwide/workdir:ro,Z" "-v" "/var/lib/crater-agent-workspace/cargo-home:/opt/rustwide/cargo-home:ro,Z" "-v" "/var/lib/crater-agent-workspace/rustup-home:/opt/rustwide/rustup-home:ro,Z" "-e" "SOURCE_DIR=/opt/rustwide/workdir" "-e" "CARGO_TARGET_DIR=/opt/rustwide/target" "-e" "CARGO_INCREMENTAL=0" "-e" "RUST_BACKTRACE=full" "-e" "RUSTFLAGS=--cap-lints=forbid" "-e" "RUSTDOCFLAGS=--cap-lints=forbid" "-e" "CARGO_HOME=/opt/rustwide/cargo-home" "-e" "RUSTUP_HOME=/opt/rustwide/rustup-home" "-w" "/opt/rustwide/workdir" "-m" "1610612736" "--user" "0:0" "--network" "none" "ghcr.io/rust-lang/crates-build-env/linux@sha256:19e73879b68f455e41552ea35293514db52ea292d993f571636dbffedb77a1ee" "/opt/rustwide/cargo-home/bin/cargo" "+e6e4f7ed1589e03bc2f6c5931c1a72e7947e8682" "check" "--frozen" "--all" "--all-targets" "--message-format=json", kill_on_drop: false }`
[INFO] [stdout] 0eab96749da50aa5ae4bda83f252591db2afe73e0f757292646dda98c0d755c6
[INFO] running `Command { std: "docker" "start" "-a" "0eab96749da50aa5ae4bda83f252591db2afe73e0f757292646dda98c0d755c6", kill_on_drop: false }`
[INFO] [stderr]    Compiling libc v0.2.144
[INFO] [stderr]    Compiling proc-macro2 v1.0.58
[INFO] [stderr]    Compiling unicode-ident v1.0.8
[INFO] [stderr]    Compiling quote v1.0.27
[INFO] [stderr]    Compiling serde v1.0.163
[INFO] [stderr]     Checking once_cell v1.17.1
[INFO] [stderr]    Compiling tokio v1.28.1
[INFO] [stderr]    Compiling io-lifetimes v1.0.10
[INFO] [stderr]    Compiling futures-task v0.3.28
[INFO] [stderr]     Checking tracing-core v0.1.31
[INFO] [stderr]    Compiling futures-util v0.3.28
[INFO] [stderr]    Compiling rustix v0.37.19
[INFO] [stderr]     Checking linux-raw-sys v0.3.7
[INFO] [stderr]     Checking regex-syntax v0.6.29
[INFO] [stderr]    Compiling syn v1.0.109
[INFO] [stderr]     Checking overload v0.1.1
[INFO] [stderr]    Compiling httparse v1.8.0
[INFO] [stderr]    Compiling futures-channel v0.3.28
[INFO] [stderr]     Checking regex-syntax v0.7.1
[INFO] [stderr]    Compiling syn v2.0.16
[INFO] [stderr]    Compiling rustls v0.21.1
[INFO] [stderr]     Checking nu-ansi-term v0.46.0
[INFO] [stderr]     Checking sharded-slab v0.1.4
[INFO] [stderr]     Checking thread_local v1.1.7
[INFO] [stderr]     Checking parking_lot_core v0.9.7
[INFO] [stderr]     Checking num_cpus v1.15.0
[INFO] [stderr]     Checking parking_lot v0.12.1
[INFO] [stderr]     Checking mio v0.8.6
[INFO] [stderr]     Checking signal-hook-registry v1.4.1
[INFO] [stderr]     Checking socket2 v0.4.9
[INFO] [stderr]     Checking ring v0.16.20
[INFO] [stderr]     Checking regex-automata v0.1.10
[INFO] [stderr]     Checking regex v1.8.1
[INFO] [stderr]     Checking atty v0.2.14
[INFO] [stderr]     Checking try-lock v0.2.4
[INFO] [stderr]     Checking base64 v0.21.0
[INFO] [stderr]    Compiling rustversion v1.0.12
[INFO] [stderr]     Checking utf8parse v0.2.1
[INFO] [stderr]     Checking is_ci v1.1.1
[INFO] [stderr]    Compiling pkg-config v0.3.27
[INFO] [stderr]     Checking supports-color v1.3.1
[INFO] [stderr]     Checking anstyle-parse v0.2.0
[INFO] [stderr]     Checking matchers v0.1.0
[INFO] [stderr]     Checking want v0.3.0
[INFO] [stderr]     Checking getrandom v0.2.9
[INFO] [stderr]     Checking sct v0.7.0
[INFO] [stderr]     Checking rustls-webpki v0.100.1
[INFO] [stderr]     Checking iovec v0.1.4
[INFO] [stderr]    Compiling backtrace v0.3.67
[INFO] [stderr]     Checking either v1.8.1
[INFO] [stderr]     Checking anstyle-query v1.0.0
[INFO] [stderr]    Compiling eyre v0.6.8
[INFO] [stderr]    Compiling erased-serde v0.3.25
[INFO] [stderr]     Checking tower-service v0.3.2
[INFO] [stderr]     Checking colorchoice v1.0.0
[INFO] [stderr]     Checking anstyle v1.0.0
[INFO] [stderr]    Compiling lzma-sys v0.1.20
[INFO] [stderr]     Checking gimli v0.27.2
[INFO] [stderr]     Checking miniz_oxide v0.6.2
[INFO] [stderr]     Checking bytes v0.4.12
[INFO] [stderr]     Checking rand_core v0.6.4
[INFO] [stderr]     Checking is-terminal v0.4.7
[INFO] [stderr]     Checking anstream v0.3.2
[INFO] [stderr]     Checking owo-colors v3.5.0
[INFO] [stderr]     Checking rustls-pemfile v1.0.2
[INFO] [stderr]     Checking dirs-sys-next v0.1.2
[INFO] [stderr]     Checking object v0.30.3
[INFO] [stderr]     Checking clap_lex v0.4.1
[INFO] [stderr]    Compiling darling_core v0.20.1
[INFO] [stderr]     Checking indenter v0.3.3
[INFO] [stderr]    Compiling semver v1.0.17
[INFO] [stderr]     Checking futures v0.1.31
[INFO] [stderr]     Checking option-ext v0.2.0
[INFO] [stderr]     Checking rustc-demangle v0.1.23
[INFO] [stderr]     Checking same-file v1.0.6
[INFO] [stderr]    Compiling target-lexicon v0.12.7
[INFO] [stderr]     Checking openssl-probe v0.1.5
[INFO] [stderr]     Checking rand_chacha v0.3.1
[INFO] [stderr]     Checking time v0.3.21
[INFO] [stderr]     Checking addr2line v0.19.0
[INFO] [stderr]     Checking rustls-native-certs v0.6.2
[INFO] [stderr]     Checking line-wrap v0.1.1
[INFO] [stderr]     Checking tokio-io v0.1.13
[INFO] [stderr]     Checking walkdir v2.3.3
[INFO] [stderr]     Checking clap_builder v4.2.7
[INFO] [stderr]     Checking dirs-sys v0.4.1
[INFO] [stderr]    Compiling strum_macros v0.24.3
[INFO] [stderr]    Compiling enum-as-inner v0.5.1
[INFO] [stderr]     Checking dirs-next v2.0.0
[INFO] [stderr]     Checking xattr v0.2.3
[INFO] [stderr]     Checking filetime v0.2.21
[INFO] [stderr]     Checking quick-xml v0.28.2
[INFO] [stderr]     Checking encoding_rs v0.8.32
[INFO] [stderr]     Checking mime v0.3.17
[INFO] [stderr]     Checking nix v0.26.2
[INFO] [stderr]     Checking tar v0.4.38
[INFO] [stderr]     Checking term v0.7.0
[INFO] [stderr]     Checking dirs v5.0.1
[INFO] [stderr]     Checking rand v0.8.5
[INFO] [stderr]    Compiling serde_derive v1.0.163
[INFO] [stderr]    Compiling tracing-attributes v0.1.24
[INFO] [stderr]    Compiling tokio-macros v2.1.0
[INFO] [stderr]    Compiling thiserror-impl v1.0.40
[INFO] [stderr]    Compiling darling_macro v0.20.1
[INFO] [stderr]    Compiling ghost v0.1.9
[INFO] [stderr]    Compiling typetag-impl v0.2.8
[INFO] [stderr]    Compiling clap_derive v4.2.0
[INFO] [stderr]     Checking xz2 v0.1.7
[INFO] [stderr]    Compiling darling v0.20.1
[INFO] [stderr]    Compiling serde_with_macros v3.0.0
[INFO] [stderr]     Checking strum v0.24.1
[INFO] [stderr]    Compiling async-trait v0.1.68
[INFO] [stderr]     Checking inventory v0.3.6
[INFO] [stderr]     Checking which v4.4.0
[INFO] [stderr]     Checking os-release v0.1.0
[INFO] [stderr]     Checking dyn-clone v1.0.11
[INFO] [stderr]     Checking fastrand v1.9.0
[INFO] [stderr]     Checking tempfile v3.5.0
[INFO] [stderr]     Checking tracing v0.1.37
[INFO] [stderr]     Checking thiserror v1.0.40
[INFO] [stderr]     Checking sysctl v0.5.4
[INFO] [stderr]     Checking clap v4.2.7
[INFO] [stderr]     Checking bytes v1.4.0
[INFO] [stderr]     Checking tracing-serde v0.1.3
[INFO] [stderr]     Checking serde_json v1.0.96
[INFO] [stderr]     Checking url v2.3.1
[INFO] [stderr]     Checking serde_urlencoded v0.7.1
[INFO] [stderr]     Checking uuid v1.3.3
[INFO] [stderr]     Checking nix-config-parser v0.1.3
[INFO] [stderr]     Checking plist v1.4.3
[INFO] [stderr]     Checking serde_with v3.0.0
[INFO] [stderr]     Checking http v0.2.9
[INFO] [stderr]     Checking typetag v0.2.8
[INFO] [stderr]     Checking tracing-subscriber v0.3.17
[INFO] [stderr]     Checking http-body v0.4.5
[INFO] [stderr]     Checking tracing-error v0.2.0
[INFO] [stderr]     Checking color-spantrace v0.2.0
[INFO] [stderr]     Checking color-eyre v0.6.2
[INFO] [stderr]     Checking tokio-util v0.7.8
[INFO] [stderr]     Checking tokio-rustls v0.24.0
[INFO] [stderr]     Checking tokio-socks v0.5.1
[INFO] [stderr]     Checking h2 v0.3.19
[INFO] [stderr]     Checking hyper v0.14.26
[INFO] [stderr]     Checking hyper-rustls v0.24.0
[INFO] [stderr]     Checking reqwest v0.11.18
[INFO] [stderr]     Checking nix-installer v0.9.1 (/opt/rustwide/workdir)
[INFO] [stdout] error[E0599]: no method named `process_group` found for struct `tokio::process::Command` in the current scope
[INFO] [stdout]   --> src/action/macos/mod.rs:32:13
[INFO] [stdout]    |
[INFO] [stdout] 32 |     command.process_group(0);
[INFO] [stdout]    |             ^^^^^^^^^^^^^ method not found in `Command`
[INFO] [stdout] 
[INFO] [stdout] 
[INFO] [stdout] error[E0599]: no method named `process_group` found for struct `tokio::process::Command` in the current scope
[INFO] [stdout]   --> src/action/macos/mod.rs:32:13
[INFO] [stdout]    |
[INFO] [stdout] 32 |     command.process_group(0);
[INFO] [stdout]    |             ^^^^^^^^^^^^^ method not found in `Command`
[INFO] [stdout] 
[INFO] [stdout] 
[INFO] [stdout] error[E0599]: no method named `process_group` found for struct `tokio::process::Command` in the current scope
[INFO] [stdout]   --> src/action/macos/bootstrap_launchctl_service.rs:33:17
[INFO] [stdout]    |
[INFO] [stdout] 33 |         command.process_group(0);
[INFO] [stdout]    |                 ^^^^^^^^^^^^^ method not found in `Command`
[INFO] [stdout] 
[INFO] [stdout] 
[INFO] [stdout] error[E0599]: no method named `process_group` found for struct `tokio::process::Command` in the current scope
[INFO] [stdout]   --> src/action/macos/bootstrap_launchctl_service.rs:33:17
[INFO] [stdout]    |
[INFO] [stdout] 33 |         command.process_group(0);
[INFO] [stdout]    |                 ^^^^^^^^^^^^^ method not found in `Command`
[INFO] [stdout] 
[INFO] [stdout] 
[INFO] [stdout] error[E0599]: no method named `process_group` found for struct `tokio::process::Command` in the current scope
[INFO] [stdout]   --> src/action/macos/encrypt_apfs_volume.rs:47:17
[INFO] [stdout]    |
[INFO] [stdout] 47 |         command.process_group(0);
[INFO] [stdout]    |                 ^^^^^^^^^^^^^ method not found in `Command`
[INFO] [stdout] 
[INFO] [stdout] 
[INFO] [stdout] error[E0599]: no method named `process_group` found for struct `tokio::process::Command` in the current scope
[INFO] [stdout]   --> src/action/macos/encrypt_apfs_volume.rs:47:17
[INFO] [stdout]    |
[INFO] [stdout] 47 |         command.process_group(0);
[INFO] [stdout]    |                 ^^^^^^^^^^^^^ method not found in `Command`
[INFO] [stdout] 
[INFO] [stdout] 
[INFO] [stdout] error[E0599]: no method named `process_group` found for struct `tokio::process::Command` in the current scope
[INFO] [stdout]   --> src/action/macos/kickstart_launchctl_service.rs:32:17
[INFO] [stdout]    |
[INFO] [stdout] 32 |         command.process_group(0);
[INFO] [stdout]    |                 ^^^^^^^^^^^^^ method not found in `Command`
[INFO] [stdout] 
[INFO] [stdout] 
[INFO] [stdout] error[E0599]: no method named `process_group` found for struct `tokio::process::Command` in the current scope
[INFO] [stdout]   --> src/action/macos/kickstart_launchctl_service.rs:32:17
[INFO] [stdout]    |
[INFO] [stdout] 32 |         command.process_group(0);
[INFO] [stdout]    |                 ^^^^^^^^^^^^^ method not found in `Command`
[INFO] [stdout] 
[INFO] [stdout] 
[INFO] [stdout] error[E0599]: no method named `process_group` found for struct `tokio::process::Command` in the current scope
[INFO] [stdout]    --> src/action/base/create_group.rs:102:26
[INFO] [stdout]     |
[INFO] [stdout] 101 | /                     Command::new("/usr/sbin/dseditgroup")
[INFO] [stdout] 102 | |                         .process_group(0)
[INFO] [stdout]     | |                         -^^^^^^^^^^^^^ method not found in `Command`
[INFO] [stdout]     | |_________________________|
[INFO] [stdout]     | 
[INFO] [stdout] 
[INFO] [stdout] 
[INFO] [stdout] error[E0599]: no method named `process_group` found for struct `tokio::process::Command` in the current scope
[INFO] [stdout]    --> src/action/base/create_group.rs:121:30
[INFO] [stdout]     |
[INFO] [stdout] 120 | /                         Command::new("groupadd")
[INFO] [stdout] 121 | |                             .process_group(0)
[INFO] [stdout]     | |                             -^^^^^^^^^^^^^ method not found in `Command`
[INFO] [stdout]     | |_____________________________|
[INFO] [stdout]     | 
[INFO] [stdout] 
[INFO] [stdout] 
[INFO] [stdout] error[E0599]: no method named `process_group` found for struct `tokio::process::Command` in the current scope
[INFO] [stdout]    --> src/action/base/create_group.rs:102:26
[INFO] [stdout]     |
[INFO] [stdout] 101 | /                     Command::new("/usr/sbin/dseditgroup")
[INFO] [stdout] 102 | |                         .process_group(0)
[INFO] [stdout]     | |                         -^^^^^^^^^^^^^ method not found in `Command`
[INFO] [stdout]     | |_________________________|
[INFO] [stdout]     | 
[INFO] [stdout] 
[INFO] [stdout] 
[INFO] [stdout] error[E0599]: no method named `process_group` found for struct `tokio::process::Command` in the current scope
[INFO] [stdout]    --> src/action/base/create_group.rs:130:30
[INFO] [stdout]     |
[INFO] [stdout] 129 | /                         Command::new("addgroup")
[INFO] [stdout] 130 | |                             .process_group(0)
[INFO] [stdout]     | |                             -^^^^^^^^^^^^^ method not found in `Command`
[INFO] [stdout]     | |_____________________________|
[INFO] [stdout]     | 
[INFO] [stdout] 
[INFO] [stdout] 
[INFO] [stdout] error[E0599]: no method named `process_group` found for struct `tokio::process::Command` in the current scope
[INFO] [stdout]    --> src/action/base/create_group.rs:121:30
[INFO] [stdout]     |
[INFO] [stdout] 120 | /                         Command::new("groupadd")
[INFO] [stdout] 121 | |                             .process_group(0)
[INFO] [stdout]     | |                             -^^^^^^^^^^^^^ method not found in `Command`
[INFO] [stdout]     | |_____________________________|
[INFO] [stdout]     | 
[INFO] [stdout] 
[INFO] [stdout] 
[INFO] [stdout] error[E0599]: no method named `process_group` found for struct `tokio::process::Command` in the current scope
[INFO] [stdout]    --> src/action/base/create_group.rs:130:30
[INFO] [stdout]     |
[INFO] [stdout] 129 | /                         Command::new("addgroup")
[INFO] [stdout] 130 | |                             .process_group(0)
[INFO] [stdout]     | |                             -^^^^^^^^^^^^^ method not found in `Command`
[INFO] [stdout]     | |_____________________________|
[INFO] [stdout]     | 
[INFO] [stdout] 
[INFO] [stdout] 
[INFO] [stdout] error[E0599]: no method named `process_group` found for struct `tokio::process::Command` in the current scope
[INFO] [stdout]    --> src/action/base/create_group.rs:179:30
[INFO] [stdout]     |
[INFO] [stdout] 178 | /                         Command::new("groupdel")
[INFO] [stdout] 179 | |                             .process_group(0)
[INFO] [stdout]     | |                             -^^^^^^^^^^^^^ method not found in `Command`
[INFO] [stdout]     | |_____________________________|
[INFO] [stdout]     | 
[INFO] [stdout] 
[INFO] [stdout] 
[INFO] [stdout] error[E0599]: no method named `process_group` found for struct `tokio::process::Command` in the current scope
[INFO] [stdout]    --> src/action/base/create_group.rs:179:30
[INFO] [stdout]     |
[INFO] [stdout] 178 | /                         Command::new("groupdel")
[INFO] [stdout] 179 | |                             .process_group(0)
[INFO] [stdout]     | |                             -^^^^^^^^^^^^^ method not found in `Command`
[INFO] [stdout]     | |_____________________________|
[INFO] [stdout]     | 
[INFO] [stdout] 
[INFO] [stdout] 
[INFO] [stdout] error[E0599]: no method named `process_group` found for struct `tokio::process::Command` in the current scope
[INFO] [stdout]    --> src/action/base/create_group.rs:188:30
[INFO] [stdout]     |
[INFO] [stdout] 187 | /                         Command::new("delgroup")
[INFO] [stdout] 188 | |                             .process_group(0)
[INFO] [stdout]     | |                             -^^^^^^^^^^^^^ method not found in `Command`
[INFO] [stdout]     | |_____________________________|
[INFO] [stdout]     | 
[INFO] [stdout] 
[INFO] [stdout] 
[INFO] [stdout] error[E0599]: no method named `process_group` found for struct `tokio::process::Command` in the current scope
[INFO] [stdout]    --> src/action/base/create_group.rs:188:30
[INFO] [stdout]     |
[INFO] [stdout] 187 | /                         Command::new("delgroup")
[INFO] [stdout] 188 | |                             .process_group(0)
[INFO] [stdout]     | |                             -^^^^^^^^^^^^^ method not found in `Command`
[INFO] [stdout]     | |_____________________________|
[INFO] [stdout]     | 
[INFO] [stdout] 
[INFO] [stdout] 
[INFO] [stdout] error[E0599]: no method named `process_group` found for struct `tokio::process::Command` in the current scope
[INFO] [stdout]   --> src/action/base/delete_user.rs:89:25
[INFO] [stdout]    |
[INFO] [stdout] 89 |                 command.process_group(0);
[INFO] [stdout]    |                         ^^^^^^^^^^^^^ method not found in `Command`
[INFO] [stdout] 
[INFO] [stdout] 
[INFO] [stdout] error[E0599]: no method named `process_group` found for struct `tokio::process::Command` in the current scope
[INFO] [stdout]    --> src/action/base/delete_user.rs:117:30
[INFO] [stdout]     |
[INFO] [stdout] 116 | /                         Command::new("userdel")
[INFO] [stdout] 117 | |                             .process_group(0)
[INFO] [stdout]     | |                             -^^^^^^^^^^^^^ method not found in `Command`
[INFO] [stdout]     | |_____________________________|
[INFO] [stdout]     | 
[INFO] [stdout] 
[INFO] [stdout] 
[INFO] [stdout] error[E0599]: no method named `process_group` found for struct `tokio::process::Command` in the current scope
[INFO] [stdout]    --> src/action/base/delete_user.rs:126:30
[INFO] [stdout]     |
[INFO] [stdout] 125 | /                         Command::new("deluser")
[INFO] [stdout] 126 | |                             .process_group(0)
[INFO] [stdout]     | |                             -^^^^^^^^^^^^^ method not found in `Command`
[INFO] [stdout]     | |_____________________________|
[INFO] [stdout]     | 
[INFO] [stdout] 
[INFO] [stdout] 
[INFO] [stdout] error[E0599]: no method named `process_group` found for struct `tokio::process::Command` in the current scope
[INFO] [stdout]   --> src/action/base/delete_user.rs:89:25
[INFO] [stdout]    |
[INFO] [stdout] 89 |                 command.process_group(0);
[INFO] [stdout]    |                         ^^^^^^^^^^^^^ method not found in `Command`
[INFO] [stdout] 
[INFO] [stdout] 
[INFO] [stdout] error[E0599]: no method named `process_group` found for struct `tokio::process::Command` in the current scope
[INFO] [stdout]    --> src/action/base/delete_user.rs:117:30
[INFO] [stdout]     |
[INFO] [stdout] 116 | /                         Command::new("userdel")
[INFO] [stdout] 117 | |                             .process_group(0)
[INFO] [stdout]     | |                             -^^^^^^^^^^^^^ method not found in `Command`
[INFO] [stdout]     | |_____________________________|
[INFO] [stdout]     | 
[INFO] [stdout] 
[INFO] [stdout] 
[INFO] [stdout] error[E0599]: no method named `process_group` found for struct `tokio::process::Command` in the current scope
[INFO] [stdout]    --> src/action/base/delete_user.rs:126:30
[INFO] [stdout]     |
[INFO] [stdout] 125 | /                         Command::new("deluser")
[INFO] [stdout] 126 | |                             .process_group(0)
[INFO] [stdout]     | |                             -^^^^^^^^^^^^^ method not found in `Command`
[INFO] [stdout]     | |_____________________________|
[INFO] [stdout]     | 
[INFO] [stdout] 
[INFO] [stdout] 
[INFO] [stdout] error[E0599]: no method named `process_group` found for struct `tokio::process::Command` in the current scope
[INFO] [stdout]    --> src/action/base/setup_default_profile.rs:129:25
[INFO] [stdout]     |
[INFO] [stdout] 129 |         load_db_command.process_group(0);
[INFO] [stdout]     |                         ^^^^^^^^^^^^^ method not found in `Command`
[INFO] [stdout] 
[INFO] [stdout] 
[INFO] [stdout] error[E0599]: no method named `process_group` found for struct `tokio::process::Command` in the current scope
[INFO] [stdout]    --> src/action/base/setup_default_profile.rs:180:18
[INFO] [stdout]     |
[INFO] [stdout] 179 | /             Command::new(nix_pkg.join("bin/nix-env"))
[INFO] [stdout] 180 | |                 .process_group(0)
[INFO] [stdout]     | |                 -^^^^^^^^^^^^^ method not found in `Command`
[INFO] [stdout]     | |_________________|
[INFO] [stdout]     | 
[INFO] [stdout] 
[INFO] [stdout] 
[INFO] [stdout] error[E0599]: no method named `process_group` found for struct `tokio::process::Command` in the current scope
[INFO] [stdout]    --> src/action/base/setup_default_profile.rs:200:18
[INFO] [stdout]     |
[INFO] [stdout] 199 | /             Command::new(nix_pkg.join("bin/nix-env"))
[INFO] [stdout] 200 | |                 .process_group(0)
[INFO] [stdout]     | |                 -^^^^^^^^^^^^^ method not found in `Command`
[INFO] [stdout]     | |_________________|
[INFO] [stdout]     | 
[INFO] [stdout] 
[INFO] [stdout] 
[INFO] [stdout] error[E0599]: no method named `process_group` found for struct `tokio::process::Command` in the current scope
[INFO] [stdout]    --> src/action/base/setup_default_profile.rs:129:25
[INFO] [stdout]     |
[INFO] [stdout] 129 |         load_db_command.process_group(0);
[INFO] [stdout]     |                         ^^^^^^^^^^^^^ method not found in `Command`
[INFO] [stdout] 
[INFO] [stdout] 
[INFO] [stdout] error[E0599]: no method named `process_group` found for struct `tokio::process::Command` in the current scope
[INFO] [stdout]    --> src/action/common/configure_init_service.rs:244:30
[INFO] [stdout]     |
[INFO] [stdout] 243 | /                         Command::new("systemctl")
[INFO] [stdout] 244 | |                             .process_group(0)
[INFO] [stdout]     | |                             -^^^^^^^^^^^^^ method not found in `Command`
[INFO] [stdout]     | |_____________________________|
[INFO] [stdout]     | 
[INFO] [stdout] 
[INFO] [stdout] 
[INFO] [stdout] error[E0599]: no method named `process_group` found for struct `tokio::process::Command` in the current scope
[INFO] [stdout]    --> src/action/base/setup_default_profile.rs:180:18
[INFO] [stdout]     |
[INFO] [stdout] 179 | /             Command::new(nix_pkg.join("bin/nix-env"))
[INFO] [stdout] 180 | |                 .process_group(0)
[INFO] [stdout]     | |                 -^^^^^^^^^^^^^ method not found in `Command`
[INFO] [stdout]     | |_________________|
[INFO] [stdout]     | 
[INFO] [stdout] 
[INFO] [stdout] 
[INFO] [stdout] error[E0599]: no method named `process_group` found for struct `tokio::process::Command` in the current scope
[INFO] [stdout]    --> src/action/common/configure_init_service.rs:292:26
[INFO] [stdout]     |
[INFO] [stdout] 291 | /                     Command::new("systemd-tmpfiles")
[INFO] [stdout] 292 | |                         .process_group(0)
[INFO] [stdout]     | |                         -^^^^^^^^^^^^^ method not found in `Command`
[INFO] [stdout]     | |_________________________|
[INFO] [stdout]     | 
[INFO] [stdout] 
[INFO] [stdout] 
[INFO] [stdout] error[E0599]: no method named `process_group` found for struct `tokio::process::Command` in the current scope
[INFO] [stdout]    --> src/action/base/setup_default_profile.rs:200:18
[INFO] [stdout]     |
[INFO] [stdout] 199 | /             Command::new(nix_pkg.join("bin/nix-env"))
[INFO] [stdout] 200 | |                 .process_group(0)
[INFO] [stdout]     | |                 -^^^^^^^^^^^^^ method not found in `Command`
[INFO] [stdout]     | |_________________|
[INFO] [stdout]     | 
[INFO] [stdout] 
[INFO] [stdout] 
[INFO] [stdout] error[E0599]: no method named `process_group` found for struct `tokio::process::Command` in the current scope
[INFO] [stdout]    --> src/action/common/configure_init_service.rs:345:30
[INFO] [stdout]     |
[INFO] [stdout] 344 | /                         Command::new("systemctl")
[INFO] [stdout] 345 | |                             .process_group(0)
[INFO] [stdout]     | |                             -^^^^^^^^^^^^^ method not found in `Command`
[INFO] [stdout]     | |_____________________________|
[INFO] [stdout]     | 
[INFO] [stdout] 
[INFO] [stdout] 
[INFO] [stdout] error[E0599]: no method named `process_group` found for struct `tokio::process::Command` in the current scope
[INFO] [stdout]    --> src/action/common/configure_init_service.rs:244:30
[INFO] [stdout]     |
[INFO] [stdout] 243 | /                         Command::new("systemctl")
[INFO] [stdout] 244 | |                             .process_group(0)
[INFO] [stdout]     | |                             -^^^^^^^^^^^^^ method not found in `Command`
[INFO] [stdout]     | |_____________________________|
[INFO] [stdout]     | 
[INFO] [stdout] 
[INFO] [stdout] 
[INFO] [stdout] error[E0599]: no method named `process_group` found for struct `tokio::process::Command` in the current scope
[INFO] [stdout]    --> src/action/common/configure_init_service.rs:456:30
[INFO] [stdout]     |
[INFO] [stdout] 455 | /                         Command::new("systemctl")
[INFO] [stdout] 456 | |                             .process_group(0)
[INFO] [stdout]     | |                             -^^^^^^^^^^^^^ method not found in `Command`
[INFO] [stdout]     | |_____________________________|
[INFO] [stdout]     | 
[INFO] [stdout] 
[INFO] [stdout] 
[INFO] [stdout] error[E0599]: no method named `process_group` found for struct `tokio::process::Command` in the current scope
[INFO] [stdout]    --> src/action/common/configure_init_service.rs:292:26
[INFO] [stdout]     |
[INFO] [stdout] 291 | /                     Command::new("systemd-tmpfiles")
[INFO] [stdout] 292 | |                         .process_group(0)
[INFO] [stdout]     | |                         -^^^^^^^^^^^^^ method not found in `Command`
[INFO] [stdout]     | |_________________________|
[INFO] [stdout]     | 
[INFO] [stdout] 
[INFO] [stdout] 
[INFO] [stdout] error[E0599]: no method named `process_group` found for struct `tokio::process::Command` in the current scope
[INFO] [stdout]    --> src/action/common/configure_init_service.rs:469:30
[INFO] [stdout]     |
[INFO] [stdout] 468 | /                         Command::new("systemctl")
[INFO] [stdout] 469 | |                             .process_group(0)
[INFO] [stdout]     | |                             -^^^^^^^^^^^^^ method not found in `Command`
[INFO] [stdout]     | |_____________________________|
[INFO] [stdout]     | 
[INFO] [stdout] 
[INFO] [stdout] 
[INFO] [stdout] error[E0599]: no method named `process_group` found for struct `tokio::process::Command` in the current scope
[INFO] [stdout]    --> src/action/common/configure_init_service.rs:482:30
[INFO] [stdout]     |
[INFO] [stdout] 481 | /                         Command::new("systemctl")
[INFO] [stdout] 482 | |                             .process_group(0)
[INFO] [stdout]     | |                             -^^^^^^^^^^^^^ method not found in `Command`
[INFO] [stdout]     | |_____________________________|
[INFO] [stdout]     | 
[INFO] [stdout] 
[INFO] [stdout] 
[INFO] [stdout] error[E0599]: no method named `process_group` found for struct `tokio::process::Command` in the current scope
[INFO] [stdout]    --> src/action/common/configure_init_service.rs:345:30
[INFO] [stdout]     |
[INFO] [stdout] 344 | /                         Command::new("systemctl")
[INFO] [stdout] 345 | |                             .process_group(0)
[INFO] [stdout]     | |                             -^^^^^^^^^^^^^ method not found in `Command`
[INFO] [stdout]     | |_____________________________|
[INFO] [stdout]     | 
[INFO] [stdout] 
[INFO] [stdout] 
[INFO] [stdout] error[E0599]: no method named `process_group` found for struct `tokio::process::Command` in the current scope
[INFO] [stdout]    --> src/action/common/configure_init_service.rs:495:30
[INFO] [stdout]     |
[INFO] [stdout] 494 | /                         Command::new("systemctl")
[INFO] [stdout] 495 | |                             .process_group(0)
[INFO] [stdout]     | |                             -^^^^^^^^^^^^^ method not found in `Command`
[INFO] [stdout]     | |_____________________________|
[INFO] [stdout]     | 
[INFO] [stdout] 
[INFO] [stdout] 
[INFO] [stdout] error[E0599]: no method named `process_group` found for struct `tokio::process::Command` in the current scope
[INFO] [stdout]    --> src/action/common/configure_init_service.rs:507:26
[INFO] [stdout]     |
[INFO] [stdout] 506 | /                     Command::new("systemd-tmpfiles")
[INFO] [stdout] 507 | |                         .process_group(0)
[INFO] [stdout]     | |                         -^^^^^^^^^^^^^ method not found in `Command`
[INFO] [stdout]     | |_________________________|
[INFO] [stdout]     | 
[INFO] [stdout] 
[INFO] [stdout] 
[INFO] [stdout] error[E0599]: no method named `process_group` found for struct `tokio::process::Command` in the current scope
[INFO] [stdout]    --> src/action/common/configure_init_service.rs:456:30
[INFO] [stdout]     |
[INFO] [stdout] 455 | /                         Command::new("systemctl")
[INFO] [stdout] 456 | |                             .process_group(0)
[INFO] [stdout]     | |                             -^^^^^^^^^^^^^ method not found in `Command`
[INFO] [stdout]     | |_____________________________|
[INFO] [stdout]     | 
[INFO] [stdout] 
[INFO] [stdout] 
[INFO] [stdout] error[E0599]: no method named `process_group` found for struct `tokio::process::Command` in the current scope
[INFO] [stdout]    --> src/action/common/configure_init_service.rs:536:26
[INFO] [stdout]     |
[INFO] [stdout] 535 | /                     Command::new("systemctl")
[INFO] [stdout] 536 | |                         .process_group(0)
[INFO] [stdout]     | |                         -^^^^^^^^^^^^^ method not found in `Command`
[INFO] [stdout]     | |_________________________|
[INFO] [stdout]     | 
[INFO] [stdout] 
[INFO] [stdout] 
[INFO] [stdout] error[E0599]: no method named `process_group` found for struct `tokio::process::Command` in the current scope
[INFO] [stdout]    --> src/action/common/configure_init_service.rs:469:30
[INFO] [stdout]     |
[INFO] [stdout] 468 | /                         Command::new("systemctl")
[INFO] [stdout] 469 | |                             .process_group(0)
[INFO] [stdout]     | |                             -^^^^^^^^^^^^^ method not found in `Command`
[INFO] [stdout]     | |_____________________________|
[INFO] [stdout]     | 
[INFO] [stdout] 
[INFO] [stdout] 
[INFO] [stdout] error[E0599]: no method named `process_group` found for struct `tokio::process::Command` in the current scope
[INFO] [stdout]    --> src/action/common/configure_init_service.rs:482:30
[INFO] [stdout]     |
[INFO] [stdout] 481 | /                         Command::new("systemctl")
[INFO] [stdout] 482 | |                             .process_group(0)
[INFO] [stdout]     | |                             -^^^^^^^^^^^^^ method not found in `Command`
[INFO] [stdout]     | |_____________________________|
[INFO] [stdout]     | 
[INFO] [stdout] 
[INFO] [stdout] 
[INFO] [stdout] error[E0599]: no method named `process_group` found for struct `tokio::process::Command` in the current scope
[INFO] [stdout]    --> src/action/common/configure_init_service.rs:495:30
[INFO] [stdout]     |
[INFO] [stdout] 494 | /                         Command::new("systemctl")
[INFO] [stdout] 495 | |                             .process_group(0)
[INFO] [stdout]     | |                             -^^^^^^^^^^^^^ method not found in `Command`
[INFO] [stdout]     | |_____________________________|
[INFO] [stdout]     | 
[INFO] [stdout] 
[INFO] [stdout] 
[INFO] [stdout] error[E0599]: no method named `process_group` found for struct `tokio::process::Command` in the current scope
[INFO] [stdout]    --> src/action/common/configure_init_service.rs:507:26
[INFO] [stdout]     |
[INFO] [stdout] 506 | /                     Command::new("systemd-tmpfiles")
[INFO] [stdout] 507 | |                         .process_group(0)
[INFO] [stdout]     | |                         -^^^^^^^^^^^^^ method not found in `Command`
[INFO] [stdout]     | |_________________________|
[INFO] [stdout]     | 
[INFO] [stdout] 
[INFO] [stdout] 
[INFO] [stdout] error[E0599]: no method named `process_group` found for struct `tokio::process::Command` in the current scope
[INFO] [stdout]    --> src/action/common/configure_init_service.rs:536:26
[INFO] [stdout]     |
[INFO] [stdout] 535 | /                     Command::new("systemctl")
[INFO] [stdout] 536 | |                         .process_group(0)
[INFO] [stdout]     | |                         -^^^^^^^^^^^^^ method not found in `Command`
[INFO] [stdout]     | |_________________________|
[INFO] [stdout]     | 
[INFO] [stdout] 
[INFO] [stdout] 
[INFO] [stdout] error[E0599]: no method named `process_group` found for struct `tokio::process::Command` in the current scope
[INFO] [stdout]   --> src/action/linux/start_systemd_unit.rs:81:26
[INFO] [stdout]    |
[INFO] [stdout] 80 | /                     Command::new("systemctl")
[INFO] [stdout] 81 | |                         .process_group(0)
[INFO] [stdout]    | |                         -^^^^^^^^^^^^^ method not found in `Command`
[INFO] [stdout]    | |_________________________|
[INFO] [stdout]    | 
[INFO] [stdout] 
[INFO] [stdout] 
[INFO] [stdout] error[E0599]: no method named `process_group` found for struct `tokio::process::Command` in the current scope
[INFO] [stdout]   --> src/action/linux/start_systemd_unit.rs:94:26
[INFO] [stdout]    |
[INFO] [stdout] 93 | /                     Command::new("systemctl")
[INFO] [stdout] 94 | |                         .process_group(0)
[INFO] [stdout]    | |                         -^^^^^^^^^^^^^ method not found in `Command`
[INFO] [stdout]    | |_________________________|
[INFO] [stdout]    | 
[INFO] [stdout] 
[INFO] [stdout] 
[INFO] [stdout] error[E0599]: no method named `process_group` found for struct `tokio::process::Command` in the current scope
[INFO] [stdout]    --> src/action/linux/start_systemd_unit.rs:121:22
[INFO] [stdout]     |
[INFO] [stdout] 120 | /                 Command::new("systemctl")
[INFO] [stdout] 121 | |                     .process_group(0)
[INFO] [stdout]     | |                     -^^^^^^^^^^^^^ method not found in `Command`
[INFO] [stdout]     | |_____________________|
[INFO] [stdout]     | 
[INFO] [stdout] 
[INFO] [stdout] 
[INFO] [stdout] error[E0599]: no method named `process_group` found for struct `tokio::process::Command` in the current scope
[INFO] [stdout]    --> src/action/linux/start_systemd_unit.rs:136:18
[INFO] [stdout]     |
[INFO] [stdout] 135 | /             Command::new("systemctl")
[INFO] [stdout] 136 | |                 .process_group(0)
[INFO] [stdout]     | |                 -^^^^^^^^^^^^^ method not found in `Command`
[INFO] [stdout]     | |_________________|
[INFO] [stdout]     | 
[INFO] [stdout] 
[INFO] [stdout] 
[INFO] [stdout] error[E0599]: no method named `process_group` found for struct `tokio::process::Command` in the current scope
[INFO] [stdout]   --> src/action/linux/start_systemd_unit.rs:81:26
[INFO] [stdout]    |
[INFO] [stdout] 80 | /                     Command::new("systemctl")
[INFO] [stdout] 81 | |                         .process_group(0)
[INFO] [stdout]    | |                         -^^^^^^^^^^^^^ method not found in `Command`
[INFO] [stdout]    | |_________________________|
[INFO] [stdout]    | 
[INFO] [stdout] 
[INFO] [stdout] 
[INFO] [stdout] error[E0599]: no method named `process_group` found for struct `tokio::process::Command` in the current scope
[INFO] [stdout]   --> src/action/linux/start_systemd_unit.rs:94:26
[INFO] [stdout]    |
[INFO] [stdout] 93 | /                     Command::new("systemctl")
[INFO] [stdout] 94 | |                         .process_group(0)
[INFO] [stdout]    | |                         -^^^^^^^^^^^^^ method not found in `Command`
[INFO] [stdout]    | |_________________________|
[INFO] [stdout]    | 
[INFO] [stdout] 
[INFO] [stdout] 
[INFO] [stdout] error[E0599]: no method named `process_group` found for struct `tokio::process::Command` in the current scope
[INFO] [stdout]   --> src/action/macos/bootstrap_launchctl_service.rs:99:18
[INFO] [stdout]    |
[INFO] [stdout] 98 | /             Command::new("launchctl")
[INFO] [stdout] 99 | |                 .process_group(0)
[INFO] [stdout]    | |                 -^^^^^^^^^^^^^ method not found in `Command`
[INFO] [stdout]    | |_________________|
[INFO] [stdout]    | 
[INFO] [stdout] 
[INFO] [stdout] 
[INFO] [stdout] error[E0599]: no method named `process_group` found for struct `tokio::process::Command` in the current scope
[INFO] [stdout]    --> src/action/linux/start_systemd_unit.rs:121:22
[INFO] [stdout]     |
[INFO] [stdout] 120 | /                 Command::new("systemctl")
[INFO] [stdout] 121 | |                     .process_group(0)
[INFO] [stdout]     | |                     -^^^^^^^^^^^^^ method not found in `Command`
[INFO] [stdout]     | |_____________________|
[INFO] [stdout]     | 
[INFO] [stdout] 
[INFO] [stdout] 
[INFO] [stdout] error[E0599]: no method named `process_group` found for struct `tokio::process::Command` in the current scope
[INFO] [stdout]    --> src/action/macos/bootstrap_launchctl_service.rs:126:18
[INFO] [stdout]     |
[INFO] [stdout] 125 | /             Command::new("launchctl")
[INFO] [stdout] 126 | |                 .process_group(0)
[INFO] [stdout]     | |                 -^^^^^^^^^^^^^ method not found in `Command`
[INFO] [stdout]     | |_________________|
[INFO] [stdout]     | 
[INFO] [stdout] 
[INFO] [stdout] 
[INFO] [stdout] error[E0599]: no method named `process_group` found for struct `tokio::process::Command` in the current scope
[INFO] [stdout]    --> src/action/linux/start_systemd_unit.rs:136:18
[INFO] [stdout]     |
[INFO] [stdout] 135 | /             Command::new("systemctl")
[INFO] [stdout] 136 | |                 .process_group(0)
[INFO] [stdout]     | |                 -^^^^^^^^^^^^^ method not found in `Command`
[INFO] [stdout]     | |_________________|
[INFO] [stdout]     | 
[INFO] [stdout] 
[INFO] [stdout] 
[INFO] [stdout] error[E0599]: no method named `process_group` found for struct `tokio::process::Command` in the current scope
[INFO] [stdout]   --> src/action/macos/create_apfs_volume.rs:91:18
[INFO] [stdout]    |
[INFO] [stdout] 90 | /             Command::new("/usr/sbin/diskutil")
[INFO] [stdout] 91 | |                 .process_group(0)
[INFO] [stdout]    | |                 -^^^^^^^^^^^^^ method not found in `Command`
[INFO] [stdout]    | |_________________|
[INFO] [stdout]    | 
[INFO] [stdout] 
[INFO] [stdout] 
[INFO] [stdout] error[E0599]: no method named `process_group` found for struct `tokio::process::Command` in the current scope
[INFO] [stdout]   --> src/action/macos/bootstrap_launchctl_service.rs:99:18
[INFO] [stdout]    |
[INFO] [stdout] 98 | /             Command::new("launchctl")
[INFO] [stdout] 99 | |                 .process_group(0)
[INFO] [stdout]    | |                 -^^^^^^^^^^^^^ method not found in `Command`
[INFO] [stdout]    | |_________________|
[INFO] [stdout]    | 
[INFO] [stdout] 
[INFO] [stdout] 
[INFO] [stdout] error[E0599]: no method named `process_group` found for struct `tokio::process::Command` in the current scope
[INFO] [stdout]    --> src/action/macos/create_apfs_volume.rs:127:18
[INFO] [stdout]     |
[INFO] [stdout] 126 | /             Command::new("/usr/sbin/diskutil")
[INFO] [stdout] 127 | |                 .process_group(0)
[INFO] [stdout]     | |                 -^^^^^^^^^^^^^ method not found in `Command`
[INFO] [stdout]     | |_________________|
[INFO] [stdout]     | 
[INFO] [stdout] 
[INFO] [stdout] 
[INFO] [stdout] error[E0599]: no method named `process_group` found for struct `tokio::process::Command` in the current scope
[INFO] [stdout]    --> src/action/macos/bootstrap_launchctl_service.rs:126:18
[INFO] [stdout]     |
[INFO] [stdout] 125 | /             Command::new("launchctl")
[INFO] [stdout] 126 | |                 .process_group(0)
[INFO] [stdout]     | |                 -^^^^^^^^^^^^^ method not found in `Command`
[INFO] [stdout]     | |_________________|
[INFO] [stdout]     | 
[INFO] [stdout] 
[INFO] [stdout] 
[INFO] [stdout] error[E0599]: no method named `process_group` found for struct `tokio::process::Command` in the current scope
[INFO] [stdout]   --> src/action/macos/create_apfs_volume.rs:91:18
[INFO] [stdout]    |
[INFO] [stdout] 90 | /             Command::new("/usr/sbin/diskutil")
[INFO] [stdout] 91 | |                 .process_group(0)
[INFO] [stdout]    | |                 -^^^^^^^^^^^^^ method not found in `Command`
[INFO] [stdout]    | |_________________|
[INFO] [stdout]    | 
[INFO] [stdout] 
[INFO] [stdout] 
[INFO] [stdout] error[E0599]: no method named `process_group` found for struct `tokio::process::Command` in the current scope
[INFO] [stdout]    --> src/action/macos/create_apfs_volume.rs:127:18
[INFO] [stdout]     |
[INFO] [stdout] 126 | /             Command::new("/usr/sbin/diskutil")
[INFO] [stdout] 127 | |                 .process_group(0)
[INFO] [stdout]     | |                 -^^^^^^^^^^^^^ method not found in `Command`
[INFO] [stdout]     | |_________________|
[INFO] [stdout]     | 
[INFO] [stdout] 
[INFO] [stdout] 
[INFO] [stdout] error[E0599]: no method named `process_group` found for struct `tokio::process::Command` in the current scope
[INFO] [stdout]   --> src/action/macos/create_synthetic_objects.rs:45:18
[INFO] [stdout]    |
[INFO] [stdout] 44 | /             Command::new("/System/Library/Filesystems/apfs.fs/Contents/Resources/apfs.util")
[INFO] [stdout] 45 | |                 .process_group(0)
[INFO] [stdout]    | |                 -^^^^^^^^^^^^^ method not found in `Command`
[INFO] [stdout]    | |_________________|
[INFO] [stdout]    | 
[INFO] [stdout] 
[INFO] [stdout] 
[INFO] [stdout] error[E0599]: no method named `process_group` found for struct `tokio::process::Command` in the current scope
[INFO] [stdout]   --> src/action/macos/create_synthetic_objects.rs:53:18
[INFO] [stdout]    |
[INFO] [stdout] 52 | /             Command::new("/System/Library/Filesystems/apfs.fs/Contents/Resources/apfs.util")
[INFO] [stdout] 53 | |                 .process_group(0)
[INFO] [stdout]    | |                 -^^^^^^^^^^^^^ method not found in `Command`
[INFO] [stdout]    | |_________________|
[INFO] [stdout]    | 
[INFO] [stdout] 
[INFO] [stdout] 
[INFO] [stdout] error[E0599]: no method named `process_group` found for struct `tokio::process::Command` in the current scope
[INFO] [stdout]   --> src/action/macos/create_synthetic_objects.rs:75:18
[INFO] [stdout]    |
[INFO] [stdout] 74 | /             Command::new("/System/Library/Filesystems/apfs.fs/Contents/Resources/apfs.util")
[INFO] [stdout] 75 | |                 .process_group(0)
[INFO] [stdout]    | |                 -^^^^^^^^^^^^^ method not found in `Command`
[INFO] [stdout]    | |_________________|
[INFO] [stdout]    | 
[INFO] [stdout] 
[INFO] [stdout] 
[INFO] [stdout] error[E0599]: no method named `process_group` found for struct `tokio::process::Command` in the current scope
[INFO] [stdout]   --> src/action/macos/create_synthetic_objects.rs:83:18
[INFO] [stdout]    |
[INFO] [stdout] 82 | /             Command::new("/System/Library/Filesystems/apfs.fs/Contents/Resources/apfs.util")
[INFO] [stdout] 83 | |                 .process_group(0)
[INFO] [stdout]    | |                 -^^^^^^^^^^^^^ method not found in `Command`
[INFO] [stdout]    | |_________________|
[INFO] [stdout]    | 
[INFO] [stdout] 
[INFO] [stdout] 
[INFO] [stdout] error[E0599]: no method named `process_group` found for struct `tokio::process::Command` in the current scope
[INFO] [stdout]   --> src/action/macos/create_synthetic_objects.rs:45:18
[INFO] [stdout]    |
[INFO] [stdout] 44 | /             Command::new("/System/Library/Filesystems/apfs.fs/Contents/Resources/apfs.util")
[INFO] [stdout] 45 | |                 .process_group(0)
[INFO] [stdout]    | |                 -^^^^^^^^^^^^^ method not found in `Command`
[INFO] [stdout]    | |_________________|
[INFO] [stdout]    | 
[INFO] [stdout] 
[INFO] [stdout] 
[INFO] [stdout] error[E0599]: no method named `process_group` found for struct `tokio::process::Command` in the current scope
[INFO] [stdout]   --> src/action/macos/create_synthetic_objects.rs:53:18
[INFO] [stdout]    |
[INFO] [stdout] 52 | /             Command::new("/System/Library/Filesystems/apfs.fs/Contents/Resources/apfs.util")
[INFO] [stdout] 53 | |                 .process_group(0)
[INFO] [stdout]    | |                 -^^^^^^^^^^^^^ method not found in `Command`
[INFO] [stdout]    | |_________________|
[INFO] [stdout]    | 
[INFO] [stdout] 
[INFO] [stdout] 
[INFO] [stdout] error[E0599]: no method named `process_group` found for struct `tokio::process::Command` in the current scope
[INFO] [stdout]   --> src/action/macos/create_synthetic_objects.rs:75:18
[INFO] [stdout]    |
[INFO] [stdout] 74 | /             Command::new("/System/Library/Filesystems/apfs.fs/Contents/Resources/apfs.util")
[INFO] [stdout] 75 | |                 .process_group(0)
[INFO] [stdout]    | |                 -^^^^^^^^^^^^^ method not found in `Command`
[INFO] [stdout]    | |_________________|
[INFO] [stdout]    | 
[INFO] [stdout] 
[INFO] [stdout] 
[INFO] [stdout] error[E0599]: no method named `process_group` found for struct `tokio::process::Command` in the current scope
[INFO] [stdout]   --> src/action/macos/enable_ownership.rs:60:22
[INFO] [stdout]    |
[INFO] [stdout] 59 | /                 Command::new("/usr/sbin/diskutil")
[INFO] [stdout] 60 | |                     .process_group(0)
[INFO] [stdout]    | |                     -^^^^^^^^^^^^^ method not found in `Command`
[INFO] [stdout]    | |_____________________|
[INFO] [stdout]    | 
[INFO] [stdout] 
[INFO] [stdout] 
[INFO] [stdout] error[E0599]: no method named `process_group` found for struct `tokio::process::Command` in the current scope
[INFO] [stdout]   --> src/action/macos/create_synthetic_objects.rs:83:18
[INFO] [stdout]    |
[INFO] [stdout] 82 | /             Command::new("/System/Library/Filesystems/apfs.fs/Contents/Resources/apfs.util")
[INFO] [stdout] 83 | |                 .process_group(0)
[INFO] [stdout]    | |                 -^^^^^^^^^^^^^ method not found in `Command`
[INFO] [stdout]    | |_________________|
[INFO] [stdout]    | 
[INFO] [stdout] 
[INFO] [stdout] 
[INFO] [stdout] error[E0599]: no method named `process_group` found for struct `tokio::process::Command` in the current scope
[INFO] [stdout]   --> src/action/macos/enable_ownership.rs:77:22
[INFO] [stdout]    |
[INFO] [stdout] 76 | /                 Command::new("/usr/sbin/diskutil")
[INFO] [stdout] 77 | |                     .process_group(0)
[INFO] [stdout]    | |                     -^^^^^^^^^^^^^ method not found in `Command`
[INFO] [stdout]    | |_____________________|
[INFO] [stdout]    | 
[INFO] [stdout] 
[INFO] [stdout] 
[INFO] [stdout] error[E0599]: no method named `process_group` found for struct `tokio::process::Command` in the current scope
[INFO] [stdout]    --> src/action/macos/encrypt_apfs_volume.rs:161:47
[INFO] [stdout]     |
[INFO] [stdout] 161 |             Command::new("/usr/bin/security").process_group(0).args([
[INFO] [stdout]     |                                               ^^^^^^^^^^^^^ method not found in `Command`
[INFO] [stdout] 
[INFO] [stdout] 
[INFO] [stdout] error[E0599]: no method named `process_group` found for struct `tokio::process::Command` in the current scope
[INFO] [stdout]   --> src/action/macos/enable_ownership.rs:60:22
[INFO] [stdout]    |
[INFO] [stdout] 59 | /                 Command::new("/usr/sbin/diskutil")
[INFO] [stdout] 60 | |                     .process_group(0)
[INFO] [stdout]    | |                     -^^^^^^^^^^^^^ method not found in `Command`
[INFO] [stdout]    | |_____________________|
[INFO] [stdout]    | 
[INFO] [stdout] 
[INFO] [stdout] 
[INFO] [stdout] error[E0599]: no method named `process_group` found for struct `tokio::process::Command` in the current scope
[INFO] [stdout]    --> src/action/macos/encrypt_apfs_volume.rs:191:60
[INFO] [stdout]     |
[INFO] [stdout] 191 |         execute_command(Command::new("/usr/sbin/diskutil").process_group(0).args([
[INFO] [stdout]     |                                                            ^^^^^^^^^^^^^ method not found in `Command`
[INFO] [stdout] 
[INFO] [stdout] 
[INFO] [stdout] error[E0599]: no method named `process_group` found for struct `tokio::process::Command` in the current scope
[INFO] [stdout]   --> src/action/macos/enable_ownership.rs:77:22
[INFO] [stdout]    |
[INFO] [stdout] 76 | /                 Command::new("/usr/sbin/diskutil")
[INFO] [stdout] 77 | |                     .process_group(0)
[INFO] [stdout]    | |                     -^^^^^^^^^^^^^ method not found in `Command`
[INFO] [stdout]    | |_____________________|
[INFO] [stdout]    | 
[INFO] [stdout] 
[INFO] [stdout] 
[INFO] [stdout] error[E0599]: no method named `process_group` found for struct `tokio::process::Command` in the current scope
[INFO] [stdout]    --> src/action/macos/encrypt_apfs_volume.rs:205:18
[INFO] [stdout]     |
[INFO] [stdout] 204 | /             Command::new("/usr/sbin/diskutil")
[INFO] [stdout] 205 | |                 .process_group(0)
[INFO] [stdout]     | |                 -^^^^^^^^^^^^^ method not found in `Command`
[INFO] [stdout]     | |_________________|
[INFO] [stdout]     | 
[INFO] [stdout] 
[INFO] [stdout] 
[INFO] [stdout] error[E0599]: no method named `process_group` found for struct `tokio::process::Command` in the current scope
[INFO] [stdout]    --> src/action/macos/encrypt_apfs_volume.rs:234:47
[INFO] [stdout]     |
[INFO] [stdout] 234 |             Command::new("/usr/bin/security").process_group(0).args([
[INFO] [stdout]     |                                               ^^^^^^^^^^^^^ method not found in `Command`
[INFO] [stdout] 
[INFO] [stdout] 
[INFO] [stdout] error[E0599]: no method named `process_group` found for struct `tokio::process::Command` in the current scope
[INFO] [stdout]    --> src/action/macos/encrypt_apfs_volume.rs:161:47
[INFO] [stdout]     |
[INFO] [stdout] 161 |             Command::new("/usr/bin/security").process_group(0).args([
[INFO] [stdout]     |                                               ^^^^^^^^^^^^^ method not found in `Command`
[INFO] [stdout] 
[INFO] [stdout] 
[INFO] [stdout] error[E0599]: no method named `process_group` found for struct `tokio::process::Command` in the current scope
[INFO] [stdout]    --> src/action/macos/encrypt_apfs_volume.rs:191:60
[INFO] [stdout]     |
[INFO] [stdout] 191 |         execute_command(Command::new("/usr/sbin/diskutil").process_group(0).args([
[INFO] [stdout]     |                                                            ^^^^^^^^^^^^^ method not found in `Command`
[INFO] [stdout] 
[INFO] [stdout] 
[INFO] [stdout] error[E0599]: no method named `process_group` found for struct `tokio::process::Command` in the current scope
[INFO] [stdout]    --> src/action/macos/kickstart_launchctl_service.rs:103:18
[INFO] [stdout]     |
[INFO] [stdout] 102 | /             Command::new("launchctl")
[INFO] [stdout] 103 | |                 .process_group(0)
[INFO] [stdout]     | |                 -^^^^^^^^^^^^^ method not found in `Command`
[INFO] [stdout]     | |_________________|
[INFO] [stdout]     | 
[INFO] [stdout] 
[INFO] [stdout] 
[INFO] [stdout] error[E0599]: no method named `process_group` found for struct `tokio::process::Command` in the current scope
[INFO] [stdout]    --> src/action/macos/encrypt_apfs_volume.rs:205:18
[INFO] [stdout]     |
[INFO] [stdout] 204 | /             Command::new("/usr/sbin/diskutil")
[INFO] [stdout] 205 | |                 .process_group(0)
[INFO] [stdout]     | |                 -^^^^^^^^^^^^^ method not found in `Command`
[INFO] [stdout]     | |_________________|
[INFO] [stdout]     | 
[INFO] [stdout] 
[INFO] [stdout] 
[INFO] [stdout] error[E0599]: no method named `process_group` found for struct `tokio::process::Command` in the current scope
[INFO] [stdout]    --> src/action/macos/kickstart_launchctl_service.rs:125:17
[INFO] [stdout]     |
[INFO] [stdout] 125 |         command.process_group(0);
[INFO] [stdout]     |                 ^^^^^^^^^^^^^ method not found in `Command`
[INFO] [stdout] 
[INFO] [stdout] 
[INFO] [stdout] error[E0599]: no method named `process_group` found for struct `tokio::process::Command` in the current scope
[INFO] [stdout]    --> src/action/macos/encrypt_apfs_volume.rs:234:47
[INFO] [stdout]     |
[INFO] [stdout] 234 |             Command::new("/usr/bin/security").process_group(0).args([
[INFO] [stdout]     |                                               ^^^^^^^^^^^^^ method not found in `Command`
[INFO] [stdout] 
[INFO] [stdout] 
[INFO] [stdout] error[E0599]: no method named `process_group` found for struct `tokio::process::Command` in the current scope
[INFO] [stdout]   --> src/action/macos/unmount_apfs_volume.rs:63:22
[INFO] [stdout]    |
[INFO] [stdout] 62 | /                 Command::new("/usr/sbin/diskutil")
[INFO] [stdout] 63 | |                     .process_group(0)
[INFO] [stdout]    | |                     -^^^^^^^^^^^^^ method not found in `Command`
[INFO] [stdout]    | |_____________________|
[INFO] [stdout]    | 
[INFO] [stdout] 
[INFO] [stdout] 
[INFO] [stdout] error[E0599]: no method named `process_group` found for struct `tokio::process::Command` in the current scope
[INFO] [stdout]    --> src/action/macos/kickstart_launchctl_service.rs:103:18
[INFO] [stdout]     |
[INFO] [stdout] 102 | /             Command::new("launchctl")
[INFO] [stdout] 103 | |                 .process_group(0)
[INFO] [stdout]     | |                 -^^^^^^^^^^^^^ method not found in `Command`
[INFO] [stdout]     | |_________________|
[INFO] [stdout]     | 
[INFO] [stdout] 
[INFO] [stdout] 
[INFO] [stdout] error[E0599]: no method named `process_group` found for struct `tokio::process::Command` in the current scope
[INFO] [stdout]   --> src/action/macos/unmount_apfs_volume.rs:80:22
[INFO] [stdout]    |
[INFO] [stdout] 79 | /                 Command::new("/usr/sbin/diskutil")
[INFO] [stdout] 80 | |                     .process_group(0)
[INFO] [stdout]    | |                     -^^^^^^^^^^^^^ method not found in `Command`
[INFO] [stdout]    | |_____________________|
[INFO] [stdout]    | 
[INFO] [stdout] 
[INFO] [stdout] 
[INFO] [stdout] error[E0599]: no method named `process_group` found for struct `tokio::process::Command` in the current scope
[INFO] [stdout]    --> src/action/macos/kickstart_launchctl_service.rs:125:17
[INFO] [stdout]     |
[INFO] [stdout] 125 |         command.process_group(0);
[INFO] [stdout]     |                 ^^^^^^^^^^^^^ method not found in `Command`
[INFO] [stdout] 
[INFO] [stdout] 
[INFO] [stdout] error[E0599]: no method named `process_group` found for struct `tokio::process::Command` in the current scope
[INFO] [stdout]    --> src/action/macos/unmount_apfs_volume.rs:105:22
[INFO] [stdout]     |
[INFO] [stdout] 104 | /                 Command::new("/usr/sbin/diskutil")
[INFO] [stdout] 105 | |                     .process_group(0)
[INFO] [stdout]     | |                     -^^^^^^^^^^^^^ method not found in `Command`
[INFO] [stdout]     | |_____________________|
[INFO] [stdout]     | 
[INFO] [stdout] 
[INFO] [stdout] 
[INFO] [stdout] error[E0599]: no method named `process_group` found for struct `tokio::process::Command` in the current scope
[INFO] [stdout]    --> src/action/macos/unmount_apfs_volume.rs:122:22
[INFO] [stdout]     |
[INFO] [stdout] 121 | /                 Command::new("/usr/sbin/diskutil")
[INFO] [stdout] 122 | |                     .process_group(0)
[INFO] [stdout]     | |                     -^^^^^^^^^^^^^ method not found in `Command`
[INFO] [stdout]     | |_____________________|
[INFO] [stdout]     | 
[INFO] [stdout] 
[INFO] [stdout] 
[INFO] [stdout] error[E0599]: no method named `process_group` found for struct `tokio::process::Command` in the current scope
[INFO] [stdout]   --> src/action/macos/unmount_apfs_volume.rs:63:22
[INFO] [stdout]    |
[INFO] [stdout] 62 | /                 Command::new("/usr/sbin/diskutil")
[INFO] [stdout] 63 | |                     .process_group(0)
[INFO] [stdout]    | |                     -^^^^^^^^^^^^^ method not found in `Command`
[INFO] [stdout]    | |_____________________|
[INFO] [stdout]    | 
[INFO] [stdout] 
[INFO] [stdout] 
[INFO] [stdout] error[E0599]: no method named `process_group` found for struct `tokio::process::Command` in the current scope
[INFO] [stdout]   --> src/action/macos/unmount_apfs_volume.rs:80:22
[INFO] [stdout]    |
[INFO] [stdout] 79 | /                 Command::new("/usr/sbin/diskutil")
[INFO] [stdout] 80 | |                     .process_group(0)
[INFO] [stdout]    | |                     -^^^^^^^^^^^^^ method not found in `Command`
[INFO] [stdout]    | |_____________________|
[INFO] [stdout]    | 
[INFO] [stdout] 
[INFO] [stdout] 
[INFO] [stdout] error[E0599]: no method named `process_group` found for struct `tokio::process::Command` in the current scope
[INFO] [stdout]    --> src/action/macos/unmount_apfs_volume.rs:105:22
[INFO] [stdout]     |
[INFO] [stdout] 104 | /                 Command::new("/usr/sbin/diskutil")
[INFO] [stdout] 105 | |                     .process_group(0)
[INFO] [stdout]     | |                     -^^^^^^^^^^^^^ method not found in `Command`
[INFO] [stdout]     | |_____________________|
[INFO] [stdout]     | 
[INFO] [stdout] 
[INFO] [stdout] 
[INFO] [stdout] error[E0599]: no method named `process_group` found for struct `tokio::process::Command` in the current scope
[INFO] [stdout]    --> src/action/macos/unmount_apfs_volume.rs:122:22
[INFO] [stdout]     |
[INFO] [stdout] 121 | /                 Command::new("/usr/sbin/diskutil")
[INFO] [stdout] 122 | |                     .process_group(0)
[INFO] [stdout]     | |                     -^^^^^^^^^^^^^ method not found in `Command`
[INFO] [stdout]     | |_____________________|
[INFO] [stdout]     | 
[INFO] [stdout] 
[INFO] [stdout] 
[INFO] [stdout] error: aborting due to 48 previous errors
[INFO] [stdout] 
[INFO] [stdout] 
[INFO] [stdout] For more information about this error, try `rustc --explain E0599`.
[INFO] [stdout] 
[INFO] [stderr] error: could not compile `nix-installer` (lib) due to 49 previous errors
[INFO] [stderr] warning: build failed, waiting for other jobs to finish...
[INFO] [stdout] error: aborting due to 48 previous errors
[INFO] [stdout] 
[INFO] [stdout] 
[INFO] [stdout] For more information about this error, try `rustc --explain E0599`.
[INFO] [stdout] 
[INFO] [stderr] error: could not compile `nix-installer` (lib test) due to 49 previous errors
[INFO] running `Command { std: "docker" "inspect" "0eab96749da50aa5ae4bda83f252591db2afe73e0f757292646dda98c0d755c6", kill_on_drop: false }`
[INFO] running `Command { std: "docker" "rm" "-f" "0eab96749da50aa5ae4bda83f252591db2afe73e0f757292646dda98c0d755c6", kill_on_drop: false }`
[INFO] [stdout] 0eab96749da50aa5ae4bda83f252591db2afe73e0f757292646dda98c0d755c6
